e -m = 5*n - 29 + 2, -n - 5 = -5*m. Let y be 4/(-14) - 4/(-14). Let w(j) = 1 + 5*j - j**3 + y*j**2 + 2*j**2 + j**m. Calculate w(4).
5
Let k(o) be the third derivative of 4/3*o**3 + 1/12*o**4 + 0*o - 4*o**2 + 0. Give k(-6).
-4
Suppose 2*s + 3*s = 3*l - 8, -8 = -4*l + 4*s. Let x be l + -4*(-3)/6. Let n(m) = x*m**2 - 7*m - 4*m**2 - 5 + 3. Give n(-5).
8
Let m(l) = -2*l**2 - 2*l - 1. Let b(p) = -3*p**2 - 4*p - 2. Let v(k) = -3*b(k) + 5*m(k). Suppose 2*u = 6*u - 40. Suppose -4*d = d + u. Calculate v(d).
-7
Let y = 8 + -12. Let h(f) = -2*f + 1. What is h(y)?
9
Let p(z) be the first derivative of -z**4/4 - z**3/3 + 2*z**2 + 3*z - 7. Suppose 3*w - w + 4 = 0. Calculate p(w).
-1
Let h(d) = 6*d**2. Let s be h(-1). Let x(b) = b**2 - 5*b - 8. Let g be x(s). Let l(f) be the third derivative of f**4/12 + f**3/3 - f**2. What is l(g)?
-2
Let a(m) = 3*m + 5. Suppose 3*n - 28 = 4*g, g + 16 = 2*n + n. Determine a(n).
17
Let v = 308 - 312. Let s(p) = -p**2 - 4 + 1 - p - 2*p. Give s(v).
-7
Let t(y) = -y**3 + 8*y**2 - 5*y + 2. Let c be (8 - 7)*(0 - -4). Let x(v) = v**2 - v. Let l(r) = c*x(r) - t(r). Give l(4).
2
Let y(v) be the first derivative of -v**4/4 + v**3 - 2*v - 11. Give y(2).
2
Let b(z) = z**2 + 5*z - 8. Suppose 4 = -2*r - 2*m + 14, 0 = 5*r + 3*m - 21. Suppose -6*d + d + 43 = -3*c, -5*c - 15 = r*d. Determine b(c).
-2
Let i(t) = -t**2 - 2*t + 2. Let u be i(-3). Let f be 1/(((-2)/4)/u). Let j(o) = 0*o - o**2 - 663 + 664 + 2*o. Calculate j(f).
1
Suppose 5 = -4*t - 5*j, t - 3*j - 5 = 3*t. Let g(l) = t + 6*l - 2*l + l**2 + 3*l. Determine g(-6).
-1
Let y(m) = -2*m - 19. Let d(r) = -r - 9. Let k(l) = -7*d(l) + 3*y(l). Suppose -q + 4*o = -26, -3*o - 5 = 2*q - 2. Let c = 1 - q. Give k(c).
1
Let a(b) = 2 + b + 10*b + b - 8*b. Suppose 5*u + 44 = 4*z, -2*z - 3*u + 22 = -0*u. Suppose 3*l + z = -4*h, 4*h - 2*l + 3*l + 9 = 0. Give a(h).
-6
Let t = -6 + -1. Let l(q) = -4*q**2 + 25*q - 3. Let n(z) = -3*z**2 + 17*z - 2. Let k(v) = t*n(v) + 5*l(v). Let i(m) be the first derivative of k(m). Give i(-5).
-4
Let m(w) = -w**2 - 4*w - 1. Let b(y) = y**2 + 7*y + 3. Let s be (-2)/3 + (-76)/(-6). Let u be (-80)/s - (-2)/3. Let j be b(u). Give m(j).
2
Let a(f) = -f**3 - 4*f**2 - 2*f - 1. Let s be a(-4). Let r(p) = -s*p**2 + 5 + 6*p**2 - 3 - 7*p + 3. Give r(-6).
11
Let v be (-1 - (-44)/6) + 6/9. Let c(y) = y**3 - 6*y**2 - 7*y - 2. What is c(v)?
-2
Let g(l) = -l**3 + l**2 + l. Let j(o) = 3*o**3 - o**2 - 3*o. Let x(i) = 4*g(i) + j(i). Give x(3).
3
Let h = 9 - 11. Let r(w) be the first derivative of -w**5/15 - w**4/8 - w**3/6 - w**2/2 + 1. Let p(y) be the second derivative of r(y). Determine p(h).
-11
Let h = 14 - 8. Let p(o) = -o**3 + 6*o**2 + 2*o - 7. Determine p(h).
5
Let k(x) = 4*x**2 - 11*x + 8. Let a(r) = r**2 - 4*r + 3. Let l(t) = 3*t - 3. Let d be l(2). Let p(w) = d*k(w) - 8*a(w). What is p(-1)?
5
Let n(r) be the first derivative of -r**3/3 - 7*r**2/2 + 6*r + 25. Determine n(-5).
16
Let m(o) be the first derivative of o**3/3 + 3*o**2/2 - 3*o + 6. Let v(j) = -j**2 + 2*j - 1. Let p be 3/(-6)*(-4 + -2). Let z be v(p). Calculate m(z).
1
Let x(o) = -o**3 - 3*o**2 + 2*o + 2. Let t(f) = -4*f - 2. Let m be t(-3). Let j be ((-3)/(-2))/((-5)/m). What is x(j)?
-4
Let u be 20/9 + (-2)/9. Let t(x) = u*x**3 - x**3 - 5 - x**3 + x**3 + 5*x**2. Determine t(-4).
11
Suppose -42 = 2*u + 5*u. Suppose 7*l = 3*l + 8. Let g(j) = -5 - 4*j + l*j + j. What is g(u)?
1
Let k(s) = -5*s + 1. Let x be 1/((3/(-3))/(1 - -1)). Give k(x).
11
Let q(v) = -v**3 - v**2 + 4*v + 4. Let o be 20/(-6) + (-8)/(-24). What is q(o)?
10
Suppose 3*k = -c - 12, -6*c - 12 = 3*k - 3*c. Let o(n) be the second derivative of 0 + 2*n**2 - 4*n + 1/6*n**3. What is o(k)?
0
Let q(s) = 4*s**2 + s + 1. Let i be (2/3)/(2/(-3)). Give q(i).
4
Suppose 0 = -2*f - 2*f + 24. Let z(i) = -6*i - 9*i**2 + f*i - 1 + 0. Give z(1).
-10
Suppose 5*b - 33 = b + 5*j, 4*b = j + 13. Suppose -5 = 4*m - 21. Let o(w) = -m*w**2 + 0*w**2 + 3*w + w**b. Calculate o(2).
-6
Suppose -2*a - 4 = 0, -3*a + 8*a + 15 = -z. Let d(q) = 0*q - 2*q - 2 - 3. Calculate d(z).
5
Suppose w - 3*h + 1 = -0*w, 2*w + 4*h = 8. Let o(v) = 1. Let b = -20 - -2. Let k(a) = -a + 11. Let u(y) = b*o(y) + w*k(y). Determine u(4).
-4
Let o(w) = w**2 - w + 4. Let c(z) = 3*z**2 - 4*z + 11. Let b(i) = 3*c(i) - 8*o(i). Let j be 1/(2*(-2)/(-16)). What is b(j)?
1
Let t(p) = 3*p - 9. Let n be ((-30)/5)/((-3)/2). Let m(y) = -y**3 + 4*y**2 + y + 2. Let v be m(n). Calculate t(v).
9
Suppose 2 = -s - 3*l, 2*s + l + 11 = 2*l. Suppose -4*x + 12 = -8. Let y = s + x. Let p(c) = -c**2 + c + 3. Give p(y).
3
Let y(g) = 5*g - 10. Let b be y(3). Let t(v) = -v. What is t(b)?
-5
Let b(y) be the second derivative of -y**4/12 + 2*y**3/3 + 3*y**2/2 - 2*y + 12. Calculate b(5).
-2
Let x be ((-1)/2)/(3/(-36)). Suppose -o = -x*o. Let d(t) = -3 - 2*t - 2 + 3*t. What is d(o)?
-5
Let v = -12 - -17. Let i(u) = u**2 - 3*u - 2. Determine i(v).
8
Let a(w) = -4 - w - w + 5*w**2 - 4*w**2. Suppose -n + 5*n = 12. Give a(n).
-1
Let i(u) = 3 - u**2 - 5*u - 2 + 7 + 0. Give i(-7).
-6
Let c(w) be the second derivative of w**2 + 1/24*w**4 + 0 + w - 1/12*w**5 - 1/120*w**6 + w**3. Let v(j) be the first derivative of c(j). Calculate v(-5).
1
Let s be 2/(-3)*12/(-8). Let n(f) = -f**3 + f**2 + f - 1. Let i be n(s). Let a(q) = q**3 + q**2 + 4. Determine a(i).
4
Let x(w) = -w - 1. Suppose -3*a + 0*a = 9. Let v be 6*2/a - 1. Calculate x(v).
4
Suppose 5*g + 45 = 15. Let t(z) = -z**3 - 7*z**2 - 6*z - 5. Calculate t(g).
-5
Let w(l) = l - 3. Let z be (4/(-4))/(2/(-6)). Suppose 3*k + 0*k - 7 = n, 3*k + z*n = 3. What is w(k)?
-1
Suppose 0 = -3*v + 1 + 5. Suppose -r + v*r - 4*n = -18, 0 = -2*r - n. Let w(d) = -4*d - 1. What is w(r)?
7
Let a(v) be the first derivative of -5*v**3/6 + v**2/2 + 4*v - 7. Let s(d) be the first derivative of a(d). What is s(-3)?
16
Let z(x) = -4*x - 2. Suppose 8*d - 13*d = 10. What is z(d)?
6
Let j(m) = 1 - 6 - 11*m - 4 + 12*m. What is j(-7)?
-16
Let i(f) be the third derivative of 1/12*f**4 + 1/6*f**3 + 2/15*f**5 + 0 + 2*f**2 + 0*f. Calculate i(-1).
7
Let k(r) = r**3 + 4*r**2. Suppose -5*l + 19 = 3*d - 0*d, 0 = l + 4. Suppose 5*f + d = -3*z, -f + 2*z - 2 = f. Let u be (-3)/f*(-16)/6. Determine k(u).
0
Let h = 7 - 0. Let x(o) = -o - 3. What is x(h)?
-10
Let r(n) = -n - 5. Let v be r(-7). Let c(h) = 3*h + 8*h**v - 3*h + 3*h**2 - 1. Determine c(1).
10
Let l(p) = p + 7. Suppose j = -3*r - 25, 0*r - 23 = 5*r - 3*j. Determine l(r).
0
Suppose 0 = -v + 1 + 1. Let y(a) = -3*a**v - 2*a**2 - 1 + 4*a**2. Let p be (-1 - (1 + -2))/(-2). What is y(p)?
-1
Suppose -3*f - 15 = 2*f. Let v(m) be the third derivative of m**4/24 + m**3/3 + m**2. Give v(f).
-1
Let m(c) = -2*c. Let x be (-2)/((-3)/(-6)*-1). Suppose -2 - 2 = -2*a, 4*g = x*a + 8. Give m(g).
-8
Let b(k) = -3*k - 2. Let g be b(3). Let j = 15 + g. Let i(l) = l**2 - 6*l + 3. What is i(j)?
-5
Let v(i) = -i**2 + 5*i - 7. Let h(g) = g - 5. Suppose -30 = -4*s + s. Let n be h(s). Determine v(n).
-7
Let b(h) = h**3 + 5*h**2 + 3*h + 1. Let u be b(-3). Suppose -14 = -5*l - y, 3*l - 2*y = 7*l - u. Let p(w) = -w + 1 - l*w - 2. Give p(-1).
3
Suppose -2*f = -7*f. Let u be (0 - 2)*(-2 + f). Let h(d) be the first derivative of d**3/3 - 3*d**2/2 + 4. Give h(u).
4
Let u(f) = -13*f**2 + f + 7*f**2 - 2 + 6*f**2 + f**2. Give u(-2).
0
Let m be (5/2)/(4/8). Let x(u) = u**3 - 3*u**2 + 2*u - 9. Let d(r) = -r**2 - r + 1. Let h(n) = -2*d(n) - x(n). Determine h(m).
7
Let o(p) = -2*p - 17. Let w be o(-10). Let i(l) = -l**3 + 3*l**2 - 3*l + 4. Give i(w).
-5
Let c = 0 - -2. Let q(g) be the second derivative of -g**4/6 + g**3/2 - g**2/2 - 7*g. What is q(c)?
-3
Let v(k) = k**2 + 5 + 9*k - 7*k - k. Let y = 3 + 0. Suppose -y*q = -2*q. Determine v(q).
5
Suppose 4*b + 2*g - 2 = 0, -4*b - 3*g = -4*g + 1. Let n(v) = -v - 1. What is n(b)?
-1
Let y(i) be the first derivative of -i**3/3 + 8*i - 2. Suppose 4 = -4*x - 2*u, -4*x + 8*u = 3*u - 10. Calculate y(x).
8
Let c(y) = 2*y**2 + 4*y + 1. Suppose -5*u - 4*n - 15 = 0, 5*u + 5 + 10 = 2*n. Determine c(u).
7
Let w(d) = -d**3 - d**2 + 4. Let z(p) = -2*p**3 - p**2 - p + 8. Let b(x) = -5*w(x) + 2*z(x). What is b(-4)?
-12
Suppose -5*r - 7 = -22. Let c(z) = -z**3 + 3*z**2 + 3*z - 3. Let h = 1 + 0. Let l(w) = -w. Let g(j) = h*c(j) + 3*l(j). Give g(r).
-3
Let b(n) = n**2 - 4*n - 6. Let z(r) = r